False
Is 46649249 prime?
False
Is 859749281 a composite number?
False
Is 917829751 composite?
True
Is 990142867 a prime number?
False
Is 837385721 prime?
True
Is 2428796245 a composite number?
True
Is 215294327 composite?
True
Is 36663797 a composite number?
False
Is 1687642981 a composite number?
True
Is 12917914943 a prime number?
False
Is 78113041 a prime number?
True
Is 68006959 a composite number?
True
Is 58982796937 prime?
False
Is 3449074177 a prime number?
False
Is 2977029697 a composite number?
False
Is 1072321993 a prime number?
True
Is 272827032437 prime?
True
Is 39171395759 prime?
True
Is 10724432009 a composite number?
False
Is 3779396695 composite?
True
Is 147804871819 composite?
True
Is 874545493 a prime number?
False
Is 381834419 composite?
True
Is 7559131927 a composite number?
False
Is 606226447 composite?
False
Is 1410487537 a prime number?
False
Is 5375377369 a composite number?
True
Is 2176603763 composite?
True
Is 347170601 prime?
True
Is 40886610091 composite?
False
Is 1696964407 a composite number?
False
Is 36378728717 prime?
False
Is 3312225793 composite?
True
Is 89736070429 prime?
True
Is 1457463877 a prime number?
True
Is 403397243 a composite number?
False
Is 2984495789 prime?
False
Is 385138123 a prime number?
True
Is 396443599 a composite number?
False
Is 46627814017 composite?
False
Is 13431889307 a composite number?
False
Is 4981793303 prime?
True
Is 4581173263 a composite number?
True
Is 10823506411 composite?
True
Is 16617272495 a composite number?
True
Is 980898031 prime?
True
Is 2099906177 prime?
False
Is 46417696463 composite?
False
Is 77514007 composite?
False
Is 1306098159 prime?
False
Is 25269263 prime?
True
Is 9689239831 a composite number?
True
Is 34045535369 a prime number?
True
Is 629857057 composite?
False
Is 463437739 composite?
False
Is 8267137231 composite?
True
Is 55845859 a composite number?
True
Is 544868647 a composite number?
True
Is 2429128139 a composite number?
False
Is 3830418913 a prime number?
True
Is 238713089 a prime number?
True
Is 3556728299 composite?
True
Is 154637369 a prime number?
True
Is 838075417 composite?
False
Is 1717937719 a prime number?
False
Is 501222841 a prime number?
False
Is 211545029 a composite number?
False
Is 10421186773 prime?
True
Is 740092193 a composite number?
False
Is 176042230019 a composite number?
False
Is 15956258573 prime?
True
Is 19623833 a composite number?
True
Is 62012624987 composite?
True
Is 334688171 prime?
False
Is 828434129 a prime number?
True
Is 328340717 a composite number?
True
Is 46267785793 a prime number?
True
Is 2653579085 a prime number?
False
Is 14339424733 a composite number?
True
Is 345588517 a composite number?
False
Is 1300137533 a composite number?
False
Is 2576906965 composite?
True
Is 39236453 a composite number?
False
Is 4035105847 a composite number?
False
Is 1785072353 composite?
True
Is 794916511 composite?
False
Is 89588123 composite?
True
Is 6664564561 prime?
True
Is 1751170471 prime?
False
Is 1024705849 a prime number?
True
Is 6472838863 a prime number?
False
Is 988183997 a prime number?
True
Is 50820373 prime?
False
Is 47198337521 a prime number?
True
Is 813672653 a prime number?
False
Is 138081595738 composite?
True
Is 1652484619 a prime number?
False
Is 17188022347 composite?
False
Is 60572341 composite?
True
Is 1152426811 a prime number?
False
Is 3465535021 composite?
True
Is 5121820699 composite?
False
Is 1362845711 a prime number?
False
Is 16083185793 a prime number?
False
Is 678881543 prime?
True
Is 21640736461 composite?
False
Is 60149933353 prime?
False
Is 280295551 a prime number?
False
Is 4201019611 a prime number?
True
Is 69438869 a prime number?
True
Is 4466905483 composite?
False
Is 114549947 a composite number?
True
Is 9058566927 a prime number?
False
Is 3308769941 a prime number?
True
Is 4513140721 composite?
True
Is 18102355087 prime?
False
Is 21899117 a prime number?
True
Is 267241943 a prime number?
True
Is 1439484313 composite?
False
Is 91643666155 composite?
True
Is 12179146043 composite?
False
Is 49560788543 a prime number?
False
Is 1070853221 a composite number?
False
Is 8398192027 a composite number?
False
Is 20994232871 composite?
False
Is 6405849217 a prime number?
True
Is 28115228441 a composite number?
False
Is 2747157527 a prime number?
True
Is 600532853 prime?
True
Is 14111188571 a composite number?
True
Is 569264429 a composite number?
True
Is 1081672399 prime?
True
Is 7933541353 prime?
True
Is 6010759753 composite?
False
Is 368369143 a composite number?
False
Is 23303567829 a prime number?
False
Is 6566953601 prime?
False
Is 56990387 prime?
False
Is 10387565659 composite?
True
Is 8284936169 a prime number?
True
Is 542037805 a prime number?
False
Is 9253896293 prime?
True
Is 331707759 prime?
False
Is 1984153069 a composite number?
False
Is 4073397563 composite?
True
Is 8581043291 a composite number?
True
Is 120316344977 prime?
False
Is 44403522847 a composite number?
True
Is 8283612749 a prime number?
True
Is 2274313841 composite?
True
Is 31083480451 a composite number?
False
Is 5702154253 prime?
False
Is 46826357683 composite?
True
Is 83635823503 a composite number?
True
Is 13354242241 composite?
True
Is 3697601753 a composite number?
False
Is 11461661 a composite number?
True
Is 100017899731 prime?
True
Is 439111157 a prime number?
True
Is 6781103293 a composite number?
True
Is 2593172521 a composite number?
False
Is 21839981019 prime?
False
Is 2466603701 prime?
True
Is 357875473 composite?
True
Is 1912541077 a prime number?
True
Is 53932619197 a composite number?
True
Is 1280973761 prime?
False
Is 32020240397 composite?
False
Is 15947698231 prime?
False
Is 9863662307 composite?
True
Is 350491591 a composite number?
False
Is 9143031077 a prime number?
True
Is 603351421 composite?
False
Is 170575816981 prime?
True
Is 1001544413 a prime number?
True
Is 3527177497 a composite number?
True
Is 43730244331 composite?
True
Is 155927431661 prime?
True
Is 36651117013 a prime number?
False
Is 35401426381 composite?
True
Is 2436303931 a prime number?
True
Is 31368543541 a composite number?
False
Is 94682411 composite?
True
Is 13934507 prime?
True
Is 27438542987 a composite number?
False
Is 16473584095 a prime number?
False
Is 222664763 composite?
False
Is 2477616107 composite?
True
Is 174110771 a prime number?
True
Is 42513048631 a composite number?
True
Is 136214443 prime?
True
Is 7208504269 a prime number?
False
Is 52128151387 a composite number?
True
Is 4344617447 a prime number?
True
Is 33932362649 a prime number?
False
Is 1516863059 a composite number?
False
Is 2452762289 a composite number?
True
Is 5722840113 a prime number?
False
Is 9014289367 prime?
True
Is 853620611 a composite number?
False
Is 744938347 a prime number?
True
Is 7911236539 composite?
False
Is 7658521373 prime?
False
Is 278079668519 a prime number?
True
Is 11811398201 a prime number?
True
Is 27157313083 prime?
True
Is 60268223537 a composite number?
False
Is 144841181 composite?
True
Is 3095398403 a composite number?
True
Is 19297275229 composite?
True
Is 4985088583 composite?
False
Is 54972335479 prime?
False
Is 253400921 composite?
True
Is 393017987 prime?
True
Is 42228340247 composite?
False
Is 15664237639 a composite number?
False
Is 253290487 composite?
False
Is 5820321343 prime?
True
Is 913430017 prime?
True
Is 73272139 composite?
True
Is 118908809 a composite number?
False
Is 1857706561 prime?
True
Is 4200293459 composite?
False
Is 2358296527 composite?
False
Is 6394579069 a prime number?
True
Is 2748437999 a composite number?
False
Is 234990496723 composite?
False
Is 479855247 prime?
False
Is 36059725903 a prime number?
True
Is 133373569 a composite number?
True
Is 81176813371 a prime number?
True
Is 17290881887 a composite number?
True
Is 9491350273 prime?
False
Is 292762681 prime?
True
Is 318614581 prime?
True
Is 84129342139 prime?
False
Is 1182291023 a prime number?
True
Is 2870418137 composite?
True
Is 3678400657 a composite number?
False
Is 128424347 prime?
True
Is 48581213179 prime?
False
Is 539049657 composite?
True
Is 120899372677 a prime number?
True
Is 6001974607 composite?
False
Is 11747064221 composite?
True
Is 371526877 a composite number?
False
Is 41320920062 a prime number?
False
Is 3589990901 